dreds digit of x?
2
Suppose 40 = -0*z - 20*z. What is the hundreds digit of z + (-2506)/(-6) - 18/27?
4
Let k(a) = 9*a**2 - 2*a + 10. Let o be k(-3). Suppose 95*x - o*x = -102. What is the units digit of x?
1
Suppose 2840195 = 153*r + 245315. What is the thousands digit of r?
6
Suppose -3368*k + 3396*k - 600992 = 0. What is the hundreds digit of k?
4
What is the ten thousands digit of (0 + -1 - 25/(-27)) + 700704004/52542?
1
Suppose 4*u + 17946 = 33262. What is the units digit of u?
9
Let u(h) = h + 5. Let y be u(-3). Let d be y/19 - (-105)/(-95). Let f(p) = -96*p. What is the tens digit of f(d)?
9
Let f = 54 + -39. Suppose -5*y - f = -0*y. What is the units digit of y/12 - 804/(-16)?
0
Suppose 0*j = -j + 4, 54 = 5*z - 4*j. Let s = z + -8. Suppose 340 = -4*o + s*o. What is the hundreds digit of o?
1
Suppose -s - 627 + 37020 = -0*s. What is the hundreds digit of s?
3
Let z(k) = 98*k - 161. Let b = -878 + 882. What is the units digit of z(b)?
1
Suppose -3*b - 15 = -3*w, 0 = 5*b - 0*w - 4*w + 21. Let s(p) = 1. Let n(o) = -3*o + 22. Let q(a) = b*n(a) + 6*s(a). What is the units digit of q(10)?
4
Let r be ((-73)/(-6))/(16/96). Suppose 3*j + 74*z = r*z + 3842, 3*j = 4*z + 3847. What is the tens digit of j?
8
Let b(p) = p. Let s(h) = -20*h + 8. Let z(k) = -2*b(k) + s(k). Let u be z(5). Let v = u - -144. What is the units digit of v?
2
Let h = 322 - 322. Suppose -5*q + 2*v + 8109 = h, -q = -2*q + 3*v + 1614. What is the tens digit of q?
2
Let l(c) = -2*c**3 + 55*c**2 + 42*c - 32. Let i be l(29). Let m = i - -2109. What is the units digit of m?
2
Let p be 28688/(-66) + 1/(-3). Let k = -185 - p. What is the units digit of k?
0
Let k = 1 - 6. Suppose 7*r = 13*r - 4*r. What is the units digit of 0/k + (2 - r)?
2
Suppose -19*h + 17*h = -4. Let x(c) = -7 - 9*c + h*c**2 + 13*c + 3 - 4. What is the units digit of x(-7)?
2
Let i be 0*10/4*(-3)/(-30). Suppose 5*a + 6*a - 55 = i. Suppose 3*r = 9, -a*r - 72 = -5*m + 63. What is the units digit of m?
0
Suppose 5*l = -g + 64925, l - 13001 = 13*g - 10*g. What is the thousands digit of l?
2
Let d(k) = -16*k + 322. Let t be d(20). Suppose t*x - 12*x + 8830 = 0. What is the hundreds digit of x?
8
Let u(o) be the first derivative of -o**2/2 + 34*o + 63. What is the tens digit of u(-7)?
4
Let y(t) = -23*t - 2. Let c be y(-6). Let b = -31 + c. What is the tens digit of b?
0
Let l(c) = -20*c**2 - 4*c - 15. Let f be l(-3). Let z = -151 - f. What is the units digit of z?
2
Let f be (14/(-21))/(28/(-12) - -3). Let v be 13 + 1 + -1 - -3. Let g = f + v. What is the units digit of g?
5
Suppose 2*b = -570 + 6018. Suppose -2*y = -3*z - 490 + b, 2 = -2*y. What is the tens digit of z?
4
What is the hundreds digit of 2/(-10)*3 - -1046*(-17429)/(-290)?
8
Suppose 28583 = k + 116*z - 114*z, -57130 = -2*k + 5*z. What is the thousands digit of k?
8
Let l(u) = -2*u**2 + 14*u + 32. Let x be l(9). What is the tens digit of 604/(((-5)/x)/((-10)/(-16)))?
0
Let c = -8 + 9. Let q(r) = -19*r**2 - 1. Let y(h) = -h. Let n(g) = -q(g) + 4*y(g). What is the units digit of n(c)?
6
Suppose 7*h + 3*b = 128476, 405*h = 407*h + 2*b - 36712. What is the tens digit of h?
5
Let h(p) = -2*p - 27. Let s be h(-9). What is the hundreds digit of (-2932)/s + 7/((-441)/(-14))?
3
Let x(u) be the third derivative of 29*u**4/8 - u**3 - 320*u**2. Let i(r) = -r + 8. Let o be i(6). What is the hundreds digit of x(o)?
1
Let y(t) be the first derivative of -7*t**4/2 + t**3/3 - t**2 + 6*t + 15. What is the hundreds digit of y(-3)?
3
Let s(u) = -3*u**2 - 20*u - 581. Let i(q) = -5*q**2 - 22*q - 581. Let b(z) = 2*i(z) - 3*s(z). What is the hundreds digit of b(0)?
5
Suppose 9*i - 3*i = 24. Let z be ((-594)/12)/11 + (-2)/i. What is the hundreds digit of 30/(-9)*(354/z - 0)?
2
Suppose 3*u + 5*i - 52454 = -u, i = 5*u - 65524. What is the hundreds digit of u?
1
Let g = 5416 - -2596. What is the hundreds digit of g?
0
Let s = 7100 + 6175. What is the tens digit of s?
7
Suppose m - 11267 = -4*s, -6 + 42 = 6*s. What is the units digit of m?
3
Let o be 18/60 - (-402723)/90. Suppose -7955 = -10*p + o. What is the units digit of p?
3
Let i(u) = -426*u - 2304. What is the tens digit of i(-10)?
5
What is the tens digit of (-15330375)/(-125)*4/9?
0
Suppose -16*k + 30630 + 12984 = 3550. What is the units digit of k?
4
Let z(f) = 3*f**3 + 82*f**2 - 32*f + 296. What is the tens digit of z(21)?
6
What is the tens digit of 6*(-18)/(-36) - 4525*-1?
2
Suppose -3*a - 79 + 85 = 0, -4*o + 4*a = -95748. What is the hundreds digit of o?
9
Suppose 8 = -7*h + 3*h, -9 = -3*w - 3*h. Suppose f = 4*u - 3563, -f + 4445 = w*u - 4*f. What is the tens digit of u?
9
Suppose 94*y - 1325428 = 23*y. What is the units digit of y?
8
Suppose 316771 = -23*l + 39*l + 108003. What is the tens digit of l?
4
Suppose 12*w + 5*w - 745040 = -23*w. What is the thousands digit of w?
8
Suppose -2*l - 69 + 503 = 0. Suppose 6 = 5*b - 3*b. Suppose -b*t + l = 55. What is the units digit of t?
4
Suppose -3*c + c - s = -291, 12 = 4*s. Let l = c - -170. Suppose f - 149 = -z, 3*z - l = -5*f + 427. What is the units digit of f?
7
Suppose -1318 + 1324 = 2*v, -11454 = -5*q + 2*v. What is the units digit of q?
2
Let p = -18 + 25. Suppose -20*x + p*x + 39 = 0. Suppose -x*h = 4*q - 27, -3*q - 2*h = 2*h - 29. What is the units digit of q?
3
Suppose -3*w = 3*v - w - 1972, 3290 = 5*v + 4*w. Suppose -494 = -2*g + v. What is the hundreds digit of g?
5
Let d(x) = 79*x**3 - x**2 - 3*x - 2. Let r be d(-1). Let j = r + 151. Let z = 92 - j. What is the tens digit of z?
2
Let m be (-7)/(21/3) + 13. Suppose -1512 = m*i - 16*i. What is the hundreds digit of i?
3
Let j = -183 + 224. What is the units digit of ((-1)/(-2) - -1)*(j + 13)?
1
Suppose -33*d - 3*d + 93096 = 0. What is the thousands digit of d?
2
Let i(m) = m**3 - 11*m**2 - 24*m + 22. Let h be i(10). Let b = h + 463. What is the hundreds digit of b?
1
Let l be ((-54)/(-4))/(7/((-476)/(-2))). Let z = -227 + l. Suppose 0 = 7*y - 9*y + z. What is the hundreds digit of y?
1
Let n = 76686 - 41468. What is the thousands digit of n?
5
What is the ten thousands digit of 48/(-2)*2434539/(-1476)?
3
Let p(l) = -l + 26. Let z be p(23). Let s be 1*3*-1*(-2)/z. Suppose -s*w + 112 - 8 = -2*b, 2*w - 104 = 3*b. What is the units digit of w?
2
Suppose -75 = -3*c - 60. Suppose 2*j + 5*m - 1 = 0, 0*m - m - 10 = -3*j. What is the units digit of (-6)/j*-1 + c?
7
Let a(n) = -109*n - 2. Let v be a(-2). Let d(h) = -h**2 + 24*h - 17. Let b be d(10). Let f = v - b. What is the units digit of f?
3
Let p(d) = d**3 + 7*d**2 - 35*d - 16. Let z be p(-10). Suppose -4*j = -206 + z. What is the tens digit of j?
4
Let d(b) = 1588*b - 1407. What is the hundreds digit of d(4)?
9
Suppose 36928 = -23*o + 1370. Let l = o + 2273. What is the hundreds digit of l?
7
Let b = -284 - -525. Let p = b + -107. What is the tens digit of p?
3
Let s = 2200 - 1194. Let u = s + -759. What is the hundreds digit of u?
2
Let b = 2368 - 3702. Let w = b + 2450. What is the units digit of w?
6
Suppose 35*f = 22*f - 4238. Let z = f + 335. What is the units digit of z?
9
Suppose -60639 = 9*k + 20*k. What is the hundreds digit of 2/(-6)*k - 6?
6
Let r(i) = 4*i - 15. Suppose 4*x - x - 15 = 0. Let z be r(x). What is the units digit of -1 + (z/2)/((-2)/(-4))?
4
Let u = 18475 - 3558. What is the hundreds digit of u?
9
Let m = 194 - 181. Suppose 8*p = m*p - 1450. What is the units digit of p?
0
What is the ten thousands digit of (-8)/(-4) - (-24442 - -27)?
2
Suppose -3*x = h - 76, -2*h = -4*h - 10. What is the tens digit of 11913/x - 10/45?
4
Let t = 24784 - -3346. What is the hundreds digit of t?
1
Let t be 239/(-3 - 7/(-2)). Let s = t + 491. What is the tens digit of s?
6
Let h(z) be the second derivative of 3*z**5/4 - z**4/2 + z**3 - 3*z**2 - 3*z - 7. What is the tens digit of h(3)?
6
Let w be 45/27*(-18)/(-10). Suppose 825 = 3*d + w*k - 0*k, 1395 = 5*d + k. Let x = -197 + d. What is the units digit of x?
3
Suppose 4*o = -o - 70. Let m(w) = w**2 + 15*w + 18. Let v be m(o). Let b(r) = r**3 - 3*r**2 + 4*r - 3. What is the tens digit of b(v)?
2
Suppose 0 = 56*g - 57*g + 6. Suppose 10*l = g*l + 48. Let v(m) = 10*m - 9. What is the tens digit of v(l)?
1
What is the thousands digit of (329*1)/((-33)/(-396))?
3
Suppose 1 + 7 = 2*t. Suppose 0 = 3*j - d - 15, -t*j = -